637?
False
Is 14923 a multiple of 83?
False
Does 23 divide 805?
True
Is 47 a factor of 7520?
True
Is 3528 a multiple of 14?
True
Is 1448 a multiple of 60?
False
Does 16 divide 148?
False
Does 80 divide 2160?
True
Is 166 a multiple of 15?
False
Does 20 divide 6360?
True
Is 2257 a multiple of 86?
False
Does 58 divide 21344?
True
Is 11250 a multiple of 10?
True
Does 12 divide 7815?
False
Does 14 divide 2730?
True
Does 26 divide 234?
True
Is 2628 a multiple of 12?
True
Is 83559 a multiple of 43?
False
Does 13 divide 4176?
False
Is 25 a factor of 781?
False
Is 167 a multiple of 6?
False
Does 12 divide 1230?
False
Does 2 divide 1528?
True
Is 64 a multiple of 2?
True
Is 12 a factor of 114?
False
Is 15225 a multiple of 105?
True
Is 19 a factor of 574?
False
Is 52 a factor of 3078?
False
Is 44 a factor of 89?
False
Is 1880 a multiple of 10?
True
Is 7438 a multiple of 11?
False
Is 15 a factor of 11535?
True
Does 14 divide 854?
True
Does 49 divide 1999?
False
Does 83 divide 18592?
True
Does 4 divide 248?
True
Does 11 divide 1300?
False
Does 72 divide 4896?
True
Does 28 divide 426?
False
Is 49993 a multiple of 186?
False
Is 5 a factor of 70?
True
Does 292 divide 17437?
False
Is 4634 a multiple of 42?
False
Is 15 a factor of 1305?
True
Is 6 a factor of 111?
False
Is 1776 even?
True
Is 14 a factor of 2729?
False
Is 1232 a multiple of 28?
True
Does 5 divide 955?
True
Is 16 a multiple of 3?
False
Is 11 a factor of 15558?
False
Is 990 a multiple of 6?
True
Does 40 divide 440?
True
Is 43098 a multiple of 22?
True
Is 304 a multiple of 8?
True
Does 12 divide 1329?
False
Does 45 divide 900?
True
Is 4 a factor of 234?
False
Is 4437 a multiple of 12?
False
Is 203 a multiple of 32?
False
Is 5 a factor of 7413?
False
Does 73 divide 56035?
False
Is 1143 a multiple of 2?
False
Is 12 a multiple of 2?
True
Does 74 divide 993?
False
Does 6 divide 2142?
True
Is 6 a factor of 1182?
True
Is 4326 a multiple of 42?
True
Is 6548 a multiple of 83?
False
Does 145 divide 1885?
True
Is 5 a factor of 4686?
False
Is 12 a factor of 8146?
False
Is 37329 a multiple of 31?
False
Is 21179 a multiple of 4?
False
Is 41851 a multiple of 12?
False
Is 856 a multiple of 58?
False
Does 53 divide 212?
True
Is 72253 a multiple of 65?
False
Is 15 a factor of 1050?
True
Does 6 divide 6354?
True
Is 8 a factor of 1248?
True
Is 18 a factor of 6660?
True
Is 887 a multiple of 7?
False
Is 5236 a multiple of 33?
False
Is 23 a factor of 9688?
False
Is 3822 a multiple of 14?
True
Is 21 a factor of 588?
True
Does 145 divide 247?
False
Is 20 a factor of 2440?
True
Does 120 divide 3720?
True
Does 50 divide 1146?
False
Is 3 a factor of 5215?
False
Does 8 divide 232?
True
Does 7 divide 14357?
True
Is 1040 a multiple of 11?
False
Is 605 a multiple of 5?
True
Does 131 divide 7598?
True
Is 50 a factor of 437?
False
Is 4 a factor of 852?
True
Is 4838 a multiple of 82?
True
Is 5 a factor of 5935?
True
Is 14 a factor of 1173?
False
Is 70 a factor of 490?
True
Is 2 a factor of 3?
False
Is 11 a factor of 3476?
True
Does 25 divide 11050?
True
Does 89 divide 3232?
False
Is 4406 a multiple of 5?
False
Does 6 divide 1092?
True
Does 285 divide 34661?
False
Is 95 a factor of 971?
False
Is 43080 a multiple of 15?
True
Is 28 a factor of 256?
False
Is 4 a factor of 288?
True
Is 12 a factor of 79?
False
Is 548 a multiple of 12?
False
Is 2889 a multiple of 27?
True
Is 815 a multiple of 40?
False
Does 11 divide 157?
False
Does 57 divide 969?
True
Is 13 a factor of 2379?
True
Does 27 divide 6156?
True
Is 43104 a multiple of 23?
False
Is 2332 a multiple of 13?
False
Does 80 divide 1280?
True
Is 52 a factor of 2746?
False
Is 139 a multiple of 22?
False
Does 22 divide 2554?
False
Is 2752 a multiple of 32?
True
Is 3250 a multiple of 25?
True
Is 91 a factor of 7098?
True
Does 13 divide 6331?
True
Is 988 a multiple of 26?
True
Is 12404 a multiple of 3?
False
Is 1411 a multiple of 83?
True
Does 13 divide 5790?
False
Does 20 divide 1198?
False
Is 3441 a multiple of 14?
False
Is 287 a multiple of 9?
False
Is 1584 a multiple of 16?
True
Is 34 a factor of 5950?
True
Is 7 a factor of 3222?
False
Does 48 divide 96?
True
Is 6636 a multiple of 22?
False
Is 7 a factor of 1134?
True
Is 1811 a multiple of 5?
False
Is 40 a factor of 366?
False
Is 2945 a multiple of 31?
True
Is 567 a multiple of 28?
False
Is 1664 a multiple of 52?
True
Is 33675 a multiple of 25?
True
Is 9510 a multiple of 30?
True
Is 13359 a multiple of 57?
False
Is 52772 a multiple of 167?
True
Is 1619 a multiple of 11?
False
Is 9 a factor of 541?
False
Is 64 a multiple of 28?
False
Is 26 a factor of 2080?
True
Is 11 a factor of 6962?
False
Is 147 a factor of 4648?
False
Does 22 divide 28534?
True
Is 61 a factor of 7381?
True
Is 77 a multiple of 4?
False
Is 18 a factor of 5817?
False
Does 43 divide 516?
True
Is 188 a factor of 91744?
True
Is 7 a factor of 9257?
False
Is 770 a multiple of 55?
True
Is 43326 a multiple of 166?
True
Is 1836 a multiple of 8?
False
Is 17 a factor of 786?
False
Is 35 a factor of 420?
True
Does 49 divide 429?
False
Is 18 a factor of 1553?
False
Is 71 a multiple of 13?
False
Is 4 a factor of 51?
False
Is 13965 a multiple of 105?
True
Is 204 a multiple of 68?
True
Does 12 divide 42909?
False
Does 16 divide 4765?
False
Does 16 divide 92?
False
Is 4141 a multiple of 101?
True
Is 993 a multiple of 3?
True
Does 74 divide 6290?
True
Does 37 divide 180?
False
Does 92 divide 2852?
True
Is 695 a multiple of 98?
False
Is 40818 a multiple of 123?
False
Is 2254 a multiple of 36?
False
Is 62 a factor of 18920?
False
Is 172 a multiple of 2?
True
Does 10 divide 1996?
False
Does 7 divide 10826?
False
Does 5 divide 2350?
True
Is 13390 a multiple of 11?
False
Is 225 a factor of 25154?
False
Is 1338 even?
True
Is 6585 a multiple of 78?
False
Is 59 a multiple of 41?
False
Is 10 a factor of 47917?
False
Is 2752 a multiple of 3?
False
Is 11218 a multiple of 79?
True
Is 5 a factor of 1165?
True
Does 5 divide 729?
False
Is 42 a factor of 396?
False
Is 7000 a multiple of 35?
True
Is 20 a factor of 6493?
False
Does 4 divide 348?
True
Is 11 a factor of 1651?
False
Is 61 a factor of 4527?
False
Is 14 a factor of 886?
False
Is 19 a factor of 5035?
True
Is 91680 a multiple of 23?
False
Is 40 a factor of 2242?
False
Is 6480 a multiple of 126?
False
Is 3 a factor of 213?
True
Does 25 divide 21050?
True
Is 75 a factor of 38925?
True
Is 101 a factor of 288?
False
Is 2592 a multiple of 54?
True
Does 20 divide 11380?
True
Does 317 divide 9193?
True
Does 47 divide 1504?
True
Is 17388 a multiple of 27?
True
Is 16 a factor of 544?
True
Is 2400 a multiple of 25?
True
Is 3875 a multiple of 31?
True
Is 685 a multiple of 2?
False
Does 4 divide 277?
False
Does 6 divide 276?
True
Does 21 divide 5167?
False
Does 458 divide 36640?
True
Is 2 a factor of 22?
True
Is 14 a factor of 392?
True
Does 2 divide 90?
True
Is 12912 a multiple of 152?
False
Is 1285 a multiple of 22?
False
Does 3 divide 1001?
False
Is 238 a multiple of 45?
False
Is 2016 a multiple of 18?
True
Is 703 a multiple of 37?
True
Is 36 a factor of 483?
False
Does 37 divide 20017?
True
Does 42 divide 503?
False
Is 124 a factor of 87449?
False
Is 32988 a multiple of 12?
True
Is 31 a factor of 3317?
True
Is 5040 a multiple of 40?
True
Is 61 a factor of 6993?
False
Does 22 divide 127952?
True
Is 275 a multiple of 25?
True
Is 200 a factor of 32809?
False
Is 33 a factor of 30591?
True
Does 35 divide 980?
True
Is 692 a multiple of 19?
False
Does 66 divide 11176?
False
Is 68 a factor of 22712?
True
Is 133 a multiple of 9?
False
Is 32 a factor of 453?
False
Is 71 a factor of 20803?
True
Is 31 a factor of 156?
False
Does 21 divide 714?
True
Is 2002 a multiple of 26?
True
Is 20 a factor of 428?
False
Is 1472 a multiple of 23?
True
Does 7 divide 56?
True
Is 8 a factor of 12320?
True
Does 64 divide 214?
False
Does 36 divide 48492?
True
Does 32 divide 96?
True
Is 2732 a multiple of 8?
False
Does 325 divide 31618?
False
Is 26 a factor of 390?
True
Does 113 divide 6545?
False
Is 3 a factor of 732?
True
Is 89 a factor of 2314?
True
Is 5214 a multiple of 22?
True
Is 26 a factor of 57486?
True
Is 71 a factor of 1136?
True
Does 147 divide 25725?
True
Does 3 divide 2545?
False
Does 11 divide 132?
True
Does 47 divide 2867?
True
Is 29 a factor of 87?
True
Is 10 a 